et j be 24/(-9)*450/400. Calculate n(j).
-4
Let g(k) be the third derivative of -1 + 1/8*k**4 + 1/3*k**3 - 1/20*k**5 + 1/120*k**6 + 0*k + 55*k**2. Determine g(3).
11
Let m = -217 - -220. Suppose m*f + 2 = 22*b - 18*b, 4*f + 2 = 5*b. Let h(i) = i**3 + 3*i - 2. What is h(f)?
12
Let g(o) = -472*o + 468*o + 40 - 17. What is g(4)?
7
Let b(i) = 10*i - 26. Let l = -735 + 743. Determine b(l).
54
Suppose -8863*f = -8874*f + 22. Let w(u) be the third derivative of -u**f + 0*u + 0 - 13/6*u**3 - 1/24*u**4. Give w(-9).
-4
Let f(v) be the third derivative of -v**4/4 + 35*v**3/6 - 68*v**2 - 18*v. Calculate f(14).
-49
Let a(l) = l**2 - 2*l + 4. Suppose -19*h = -7 - 50. Suppose -s + 6 = 2*q - h*q, 4*q = -4*s - 8. Determine a(s).
4
Let l be 0/(((-3850)/(-25))/22). Let m(g) = 1. Let c(d) = 5*d - 4. Let u(z) = -11*z + 8. Let f(j) = 9*c(j) + 4*u(j). Let s(i) = -f(i) - 6*m(i). Give s(l).
-2
Let c(d) = d**2 + 2*d. Suppose 52*n = 67*n - 60. Suppose -2*b + 12 = n*q - 5*b, -3*b + 15 = 5*q. Calculate c(q).
15
Let v(d) = -19*d - 10. Let c(h) = -288*h - 159. Let p(a) = -18*a - 10. Let n(q) = 2*c(q) - 33*p(q). Let l(g) = 5*n(g) + 6*v(g). What is l(-1)?
24
Suppose 36 = 4*u - 4*m, 40 = -u + 6*u - 4*m. Suppose -u*z + 3 = -21. Let h(p) = -1 - 14*p + z*p + 3*p + 2*p. Give h(1).
-4
Let f(n) be the second derivative of -n**5/20 + 13*n**4/6 - 13*n**3/3 + 25*n**2/2 + 1036*n. Give f(25).
0
Let k(j) = j**3 - 8*j + 31*j - 9*j - 10*j. Let q(r) = 4*r**3 + r**2 + 12*r - 1. Let z(p) = 7*k(p) - 2*q(p). Give z(-4).
18
Let w(t) = 5*t**3 + 6*t**2 - t + 6. Let h(v) = -v**3 - v**2 + 2*v. Let r(k) = -3*h(k) - w(k). Calculate r(-4).
94
Let t(f) be the third derivative of f**5/60 + 2*f**4/3 + 3*f**3/2 + 2135*f**2. What is t(-13)?
-30
Let p(t) be the second derivative of t**5/24 + 3*t**4/8 - t**3/3 + t - 2. Let u(k) be the second derivative of p(k). Calculate u(7).
44
Let b(n) be the third derivative of -1/12*n**4 + 1/2*n**3 - 1/120*n**6 + 0 - 144*n**2 + 1/10*n**5 + 0*n. Determine b(6).
-9
Let o(b) = b**3 + 19*b**2 + 8*b**2 + 1 - 36*b**2 - 11*b - 8 + 16*b**2. What is o(-8)?
17
Let b(a) be the second derivative of -a**5/10 + 7*a**4/4 + 13*a**3/6 - 5*a**2 - 2687*a. Determine b(11).
12
Let c be -21*(7 - 141/21). Let i(k) = 13*k + 47. Let p(h) = -6*h - 22. Let l(a) = -3*i(a) - 7*p(a). Determine l(c).
-5
Let b(o) = 121*o**2 - 361*o - 1. Let f be b(3). Let k(v) = -13*v - 3. Give k(f).
-68
Suppose 50*a - 47*a = 24. Let s(b) = 2*b - 12. Let c(m) = -3*m + 18. Let v(k) = a*s(k) + 5*c(k). Calculate v(-10).
-16
Let i(q) = q**2 - 9*q + 10. Let m(t) = -2*t**2 - 2*t - 4. Let x be m(-2). Let a(k) = k**3 + 10*k**2 + 16*k + 8. Let j be a(x). Calculate i(j).
2
Suppose 14*m = -b + 15*m + 20, 5*b + m - 64 = 0. Let x(a) = 2*a**2 - 26*a + 17. Calculate x(b).
45
Suppose -7*f + 9720 = -43*f. Let r = f + 271. Let t(d) = 13*d. Calculate t(r).
13
Let b(d) = d + 10. Suppose -4*w - 176 = -r - 586, 0 = 4*w - 5*r - 402. Suppose -w*p = -97*p. Give b(p).
10
Suppose 39 = -110*t + 28 + 121. Let f(n) = 2*n**2 - n + 2. What is f(t)?
3
Let r = 1591/37032 + -2/1543. Let n(q) be the third derivative of 0 - r*q**4 + 0*q + 10*q**2 - 1/2*q**3. Give n(-6).
3
Suppose -15*d - 18*d = 0. Suppose 3*o + v - 47 = d, -5*o + 5 + 76 = 3*v. Let i(g) = -g**3 + 15*g**2 + 2*g - 18. What is i(o)?
12
Let r(z) be the second derivative of 5*z**3/6 + 9*z**2/2 - 4*z - 90. What is r(-4)?
-11
Let m(p) = -2*p - 96. Let i(d) = 2*d**2 + 12*d - 494. Let w be i(-19). Calculate m(w).
-96
Let o(h) = 5*h**2 - 36*h + 1. Let p = 27348 - 27340. What is o(p)?
33
Let b(g) = 2*g - 30. Let s = 3065 - 3067. Give b(s).
-34
Let u(b) = 3*b - 46. Suppose 5*p + 140 - 136 = -4*l, 3 = 3*p - 3*l. What is u(p)?
-46
Suppose 4*t = 39 - 31. Suppose -2*k - 3*k = p + 30, t*p = -4*k - 18. Let q(g) = 7*g + 7. Let l(s) = -8*s - 7. Let b(z) = k*q(z) - 6*l(z). What is b(6)?
-13
Let f(s) be the third derivative of s**4/12 + 2*s**3/3 - 26*s**2. Let b(w) = -w**3 - w**2 - 2*w + 3. Let k be b(0). Suppose -k*i + 5*i + 8 = 0. Calculate f(i).
-4
Let j = 141 - 97. Let l(u) = 41*u - 1 - j*u + 2. Let c(t) = -t**3 - 14*t**2 + 14*t - 14. Let i be c(-15). Give l(i).
-2
Let o(p) = p**3 + 5*p**2 + 2*p - 9. Let q be o(-3). Let h(r) = 4*r**2 + 2*r - 17*r + 7*r - q*r**2 - 8. Determine h(10).
12
Let x(y) = 14*y**3 - y**2 - 17*y + 7. Let p(d) = 9*d**3 - d**2 - 12*d + 5. Let t(w) = 26*w + 5. Let v be t(0). Let k(m) = v*x(m) - 7*p(m). Calculate k(1).
8
Let i(h) = 4*h**2 + 6*h - 5. Let y(k) = 3*k**2 + 7*k - 4. Let f(t) = 4*i(t) - 5*y(t). Suppose -477*d = -455*d - 242. Determine f(d).
0
Let h(k) = 2*k**2 + 3*k + 3. Let v be h(-2). Let s be 13 + (34 + -37 - 2*1). Let r(m) = m**2 - 7*m + s*m - 5*m - 29 + 22. Give r(v).
-2
Let p(h) be the first derivative of h**2 - 23*h + 1152. What is p(11)?
-1
Let a(k) be the first derivative of -2*k + 2/3*k**3 + 0*k**2 - 13. Give a(3).
16
Let t = -10 - -10. Suppose -7*a + 12*a - 20 = t. Let q(y) = 2*y + 9. Let x(r) = r + 5. Let h(f) = a*q(f) - 7*x(f). What is h(5)?
6
Let f = 50 + -44. Let m(n) = 9*n - 17. Let l(z) = 20*z - 39. Let a(s) = -2*l(s) + 5*m(s). Calculate a(f).
23
Let n(g) = g**3 - 14*g**2 - 10*g + 13. Let f(p) = -p**3 - p**2 - 2*p - 1. Let j(m) = 2*f(m) + n(m). Let v be j(-15). Let b(a) = 3*a. Calculate b(v).
-12
Let o(f) = -f**2 + 17*f - 58. Suppose -2136*m = -2157*m + 189. Calculate o(m).
14
Let h = 875 - 509. Let g = h + -261. Let a(f) = g + 0*f**2 - 205 + f**2 + 101 + 7*f. What is a(-6)?
-5
Suppose -g = -2*n - 6, -4*g + n + 12 = -3*n. Let m(j) be the first derivative of -87 + 1/2*j**2 - 1/3*j**3 + 12*j. Determine m(g).
12
Let v(z) be the second derivative of -5*z**4/4 - z**3/2 - z**2 + 183*z + 2. Determine v(-1).
-14
Let f(q) = 11*q + 2. Let u(b) = -b. Let g(a) = -f(a) + 3*u(a). Suppose 81*y + 1806 = 1968. Calculate g(y).
-30
Let x(c) = 5*c**2 + 1343*c - 1. Let v(h) = -6*h**2 - 1566*h. Let p(a) = -6*v(a) - 7*x(a). Let s = 5 - -3. Suppose -s = -3*d + 7. Give p(d).
7
Let y(t) = -2*t. Let d(s) = 3*s. Let c(p) = -5*d(p) - 6*y(p). Suppose 0 = 9*v + 516 + 654. Let q = -129 - v. Determine c(q).
-3
Let z(l) = -l**3 - l**2 + 18*l + 3. Let d be ((-2)/7)/(17/(-119)) - 7. Let u be z(d). Let p(n) = n**2 - 15*n - 12. What is p(u)?
-38
Suppose 4*q = 5*w + 30, 8*w + q = 3*w - 55. Let p(n) = 1446 - 2815 - 11*n - n**2 + 1374. Calculate p(w).
15
Let a(j) = 6*j + 4. Suppose -1363*f + 1372*f = 0. Calculate a(f).
4
Suppose -5*a + 11 = 4*f, 5*f + 4*a - 2 = 14. Let r(m) = -m**2 - 9*m. Let q(t) = -t**2 - 10*t - 1. Let s(o) = f*r(o) - 3*q(o). Calculate s(-4).
11
Let s(c) = -44*c - 3. Suppose 35*w = 2*h + 40*w - 1, -5*h - 2*w = -13. Determine s(h).
-135
Let z(h) = -h**2 + 3*h + 11. Let u be ((-2)/5)/(1/(-665)). Suppose -236 = 6*g - u. Determine z(g).
1
Let f(v) = -v**3 + 28*v**2 + 59*v + 28. Suppose -38*r = 36*r - 62*r - 360. Calculate f(r).
-2
Let j(w) = 4*w**2 - 8*w - 1. Let p(l) = l**3 + 13*l**2 - 15*l - 199. Let d be p(-13). Give j(d).
95
Let w(a) = a**3 - 12*a**2 + 9*a + 13. Let h be (0/((-10)/(-5)))/1. Suppose -m - 1 = -3*x, 4*m + 22*x - 20*x - 52 = h. What is w(m)?
-9
Let i(h) = -h**3 - 4*h**2 + 4*h + 6. Let w = -30 + 34. Suppose 2*n + 3*m + 44 = 0, 2*n - 3*m + 72 = w. Let t be 2/3 + 0 + n/6. Give i(t).
-10
Let i(a) = 9*a**3 + a**2 + a. Let d = 154 - 163. Let x be 3/d - (0 + (-10)/(-15)). Determine i(x).
-9
Let f(b) = 10*b + 2*b**2 + b - 2*b + 58 - 73. What is f(-8)?
41
Let w(v) = v**3 - 10*v**2 + v - 12. Let u = 4296 - 4286. Give w(u).
-2
Let t(w) = 2*w + 24 - 6*w + 5*w - 50 - 6*w. What is t(-10)?
24
Let p(z) = -378*z + 237. Let b(t) = 235*t - 119. Let h(c) = 5*b(c) + 3*p(c). What is h(-3)?
-7
Let d = -119 + 127. Let t(r) = r**2 - 17*r + 80. Let q be t(d). Let y(u) = u + 0*u**3 + 7 + 8*u**2 - 17 - u**3. Calculate y(q).
-2
Let c(t) = t + 9 - 2*t**2 - 9. Suppose -796*w + 667*w = -387. What is c(w)?
-15
Let x(s) = -s**3 + s**2 - s - 8. Let b = -1893 + 2657. Suppose -763*t = -b*t. Determine x(t).
-8
Suppose 0 = 3*a + f - 0*f + 277, 4*a - 4*f = -364. Let y = a - -117. Suppose -4*p = -3*s + y, p + 3 = 5*s + 1. Let u(n) = n**2 + 6*n. What is u(p)?
7
Let u(z) be the second derivative of 0 + 162*z + 1/12*z**4 - z**3 + 0*z**2. What is u(10)?
40
Let d(l) = -l**3 - 9*l**2 - l - 10. Let m(i) = -1832*i**3 + 3*i + 13*i**2 + 1834*i**3 + 19 + 5*i**2. Let g(y) = -11*d(y) - 6*m(y). What is g(-8)?
-12
Let o(